{"id":101,"date":"2011-03-09T22:06:15","date_gmt":"2011-03-09T22:06:15","guid":{"rendered":"http:\/\/vanguardimport.unispheredesign.com\/?page_id=101"},"modified":"2012-12-27T17:21:16","modified_gmt":"2012-12-27T17:21:16","slug":"contact","status":"publish","type":"page","link":"https:\/\/www.blutex.pt\/?page_id=101","title":{"rendered":"Contactos"},"content":{"rendered":"<p>Se tem d\u00favidas, quest\u00f5es, necessita de esclarecimentos ou de falar connosco, utilize o formul\u00e1rio em baixo para nos enviar uma mensagem. Responderemos em 24 horas. Como alternativa pode tamb\u00e9m ligar-nos directamente para uma resposta mais r\u00e1pida. Gostar\u00edamos de o\/a ouvir!<\/p>\n<p>&nbsp;<\/p>\n","protected":false},"excerpt":{"rendered":"<p>Se tem d\u00favidas, quest\u00f5es, necessita de esclarecimentos ou de falar connosco, utilize o formul\u00e1rio em baixo para nos enviar uma mensagem. Responderemos em 24 horas. Como alternativa pode tamb\u00e9m ligar-nos directamente para uma resposta mais r\u00e1pida. Gostar\u00edamos de o\/a ouvir! &nbsp;<\/p>\n","protected":false},"author":1,"featured_media":0,"parent":0,"menu_order":7,"comment_status":"closed","ping_status":"closed","template":"template_contact.php","meta":{"footnotes":""},"_links":{"self":[{"href":"https:\/\/www.blutex.pt\/index.php?rest_route=\/wp\/v2\/pages\/101"}],"collection":[{"href":"https:\/\/www.blutex.pt\/index.php?rest_route=\/wp\/v2\/pages"}],"about":[{"href":"https:\/\/www.blutex.pt\/index.php?rest_route=\/wp\/v2\/types\/page"}],"author":[{"embeddable":true,"href":"https:\/\/www.blutex.pt\/index.php?rest_route=\/wp\/v2\/users\/1"}],"replies":[{"embeddable":true,"href":"https:\/\/www.blutex.pt\/index.php?rest_route=%2Fwp%2Fv2%2Fcomments&post=101"}],"version-history":[{"count":9,"href":"https:\/\/www.blutex.pt\/index.php?rest_route=\/wp\/v2\/pages\/101\/revisions"}],"predecessor-version":[{"id":1761,"href":"https:\/\/www.blutex.pt\/index.php?rest_route=\/wp\/v2\/pages\/101\/revisions\/1761"}],"wp:attachment":[{"href":"https:\/\/www.blutex.pt\/index.php?rest_route=%2Fwp%2Fv2%2Fmedia&parent=101"}],"curies":[{"name":"wp","href":"https:\/\/api.w.org\/{rel}","templated":true}]}}